{"id":9,"date":"2015-10-25T11:02:34","date_gmt":"2015-10-25T10:02:34","guid":{"rendered":"http:\/\/nilsnew.jensen.berlin\/?page_id=9"},"modified":"2026-03-31T10:03:04","modified_gmt":"2026-03-31T08:03:04","slug":"chorarbeit","status":"publish","type":"page","link":"http:\/\/nils.jensen.berlin\/index.php\/chorarbeit\/","title":{"rendered":"K\u00dcNSTLERISCHE ARBEIT"},"content":{"rendered":"<h1 class=\"entry-title\">\u00a0<\/h1>\n<p><!-- .entry-header --><\/p>\n<div class=\"entry-content\">\n<p><em>Jedes Ensemble ist einzigartig&#8230;<\/em><\/p>\n<p style=\"text-align: justify;\">Unabh\u00e4ngig vom individuellen Kenntnisstand bleibt das Ziel, der vollst\u00e4ndig homogene, schwebungsfreie und in sich ausbalancierte Klang. Dieser sollte nicht k\u00fchl und statisch sondern ausdrucksstark und ehrlich sein. Dabei gilt es, die Perfektion als ein Mittel einzusetzen, um Text und Gesang im Moment der Auff\u00fchrung zu einer k\u00fcnstlerischen Aussage zu verschmelzen. Ich arbeite mit folgenden Ensembles an meinem Ideal:<\/p>\n<p><a href=\"https:\/\/www.bruederselke.com\/hausorchester\" target=\"_blank\" rel=\"noopener\">Hausorchester\/Brueder Selke<\/a><\/p>\n<p style=\"text-align: justify;\"><a href=\"http:\/\/bessiner-kammerchor.de\/chorkoepfe\">Bessiner Kammerchor<\/a><\/p>\n<p><a href=\"https:\/\/cantus.academy\">Cantus Academy<\/a><\/p>\n<p><a href=\"https:\/\/canzonetta-berlin.de\/choere\/\">Chorschule Canzonetta \/ Kammerchor Canzoneo<\/a><\/p>\n<p><a href=\"http:\/\/www.singakademie-potsdam.de\" target=\"_blank\" rel=\"noopener\">Potsdamer Singakademie<\/a><\/p>\n<p><a href=\"http:\/\/www.a-cappella-chor-neuruppin.de\/index.php\">Neuruppiner a Cappella Chor<\/a><\/p>\n<\/div>\n<div class=\"entry-content\">\n\n<div class=\"sp-wrap sp-wrap-default\">\n<div class=\"sp-head\" title=\"Erweitern\">\nProfessionelle Arbeit\n<\/div>\n<div class=\"sp-body folded\">\n<p>An der Zusammenarbeit mit professionellen Orchestern fasziniert mich am meisten, dass meine Vorstellungen direkt umgesetzt werden. Die gezielte Arbeit am Klang und der pers\u00f6nlichen musikalischen Idee stehen f\u00fcr mich im Vordergrund. Dabei gehen gr\u00fcndliche Vorbereitungen und das Entwickeln dieser Vorstellungen mit dem begeisternden Gef\u00fchl einher, dass es keine Grenzen in der musikalischen Gestaltung gibt. Der maximale Anspruch an mich und meine Kollegen verbindet sich zu einer inspirierenden Arbeitsatmosph\u00e4re, die allein von dem gemeinsamen Ziel getragen wird, das Beste zu erreichen.<\/p>\n<p>\n<\/div>\n<\/div>\n\n\n<div class=\"sp-wrap sp-wrap-default\">\n<div class=\"sp-head\" title=\"Erweitern\">\nArbeit mit Laiench\u00f6ren \/ semiprofessionellen Ch\u00f6ren\n<\/div>\n<div class=\"sp-body folded\">\n<p>Meine Arbeit mit (semiprofessionellen-) Laiench\u00f6ren hat das Ziel, musikalische Grenzen stetig nach oben zu verschieben. Durch gutm\u00fctige Hartn\u00e4ckigkeit gelingt es mir die Choristen zu motivieren, \u00fcber sich selbst hinaus zu wachsen. Die schnell h\u00f6rbaren Fortschritte und die wunderbare Gemeinschaft dieser Ch\u00f6re motivieren mich stets, weitere Methoden zu entwickeln, um die gesteckten Ziele zu erreichen. Die vielen Facetten dieser Arbeit reizen mich \u2013 irgendwo zwischen Musiker, Psychologe und Dompteur finde ich die ideale Balance im Umgang mit diesem immateriellen Weltkulturerbe.<\/p>\n<p>\n<\/div>\n<\/div>\n\n\n<div class=\"sp-wrap sp-wrap-default\">\n<div class=\"sp-head\" title=\"Erweitern\">\nArbeit f\u00fcr Kinderch\u00f6re\n<\/div>\n<div class=\"sp-body folded\">\n<p>Die Arbeit mit Kindern ist mir ein besonderes Anliegen. Ich wei\u00df aus eigener Erfahrung, wie pr\u00e4gend das Singen f\u00fcr die Kleinen in einem Ensemble sein kann. Dieses Wissen m\u00f6chte ich weitergeben und daf\u00fcr Sorge tragen, dass die Musik im Leben dieser jungen Musiker stets eine wichtige Rolle spielen wird. Die Aufgewecktheit, Klugheit und Phantasie, die mir dabei begegnet, inspiriert und begeistert mich. Ich wei\u00df um die besondere Verantwortung, die ich f\u00fcr Kinder zu tragen habe, unabh\u00e4ngig von ihrem musikalischen Kenntnisstand. Als k\u00fcnstlerischer Leiter mehrerer musikalisch bildender Institutionen ist es mir ein wesentliches Anliegen, den Rahmen f\u00fcr eine wertvolle fr\u00fchkindliche musikalische Ausbildung zu schaffen.<\/p>\n<p>\n<\/div>\n<\/div>\n\n<\/div>\n\n\n<hr class=\"wp-block-separator has-css-opacity\"\/>\n\n\n\n<figure class=\"wp-block-image size-large\"><a href=\"http:\/\/nils.jensen.berlin\/wp-content\/uploads\/2018\/01\/D1A3039bea_sw-1.jpg\"><img loading=\"lazy\" decoding=\"async\" width=\"1024\" height=\"683\" src=\"http:\/\/nils.jensen.berlin\/wp-content\/uploads\/2018\/01\/D1A3039bea_sw-1-1024x683.jpg\" alt=\"\" class=\"wp-image-174\" srcset=\"http:\/\/nils.jensen.berlin\/wp-content\/uploads\/2018\/01\/D1A3039bea_sw-1-1024x683.jpg 1024w, http:\/\/nils.jensen.berlin\/wp-content\/uploads\/2018\/01\/D1A3039bea_sw-1-300x200.jpg 300w, http:\/\/nils.jensen.berlin\/wp-content\/uploads\/2018\/01\/D1A3039bea_sw-1-768x512.jpg 768w\" sizes=\"auto, (max-width: 1024px) 100vw, 1024px\" \/><\/a><\/figure>\n","protected":false},"excerpt":{"rendered":"<p>\u00a0 Jedes Ensemble ist einzigartig&#8230; Unabh\u00e4ngig vom individuellen Kenntnisstand bleibt das Ziel, der vollst\u00e4ndig homogene, schwebungsfreie und in sich ausbalancierte Klang. Dieser sollte nicht k\u00fchl und statisch sondern ausdrucksstark und ehrlich sein. Dabei gilt es, die Perfektion als ein Mittel einzusetzen, um Text und Gesang im Moment der Auff\u00fchrung zu einer k\u00fcnstlerischen Aussage zu verschmelzen. &#8230; <span class=\"more\"><a class=\"more-link\" href=\"http:\/\/nils.jensen.berlin\/index.php\/chorarbeit\/\">[Read more&#8230;]<\/a><\/span><\/p>\n","protected":false},"author":1,"featured_media":0,"parent":0,"menu_order":0,"comment_status":"closed","ping_status":"closed","template":"","meta":{"footnotes":""},"class_list":["entry","page","publish","author-nhjadmin","post-9"],"_links":{"self":[{"href":"http:\/\/nils.jensen.berlin\/index.php\/wp-json\/wp\/v2\/pages\/9","targetHints":{"allow":["GET"]}}],"collection":[{"href":"http:\/\/nils.jensen.berlin\/index.php\/wp-json\/wp\/v2\/pages"}],"about":[{"href":"http:\/\/nils.jensen.berlin\/index.php\/wp-json\/wp\/v2\/types\/page"}],"author":[{"embeddable":true,"href":"http:\/\/nils.jensen.berlin\/index.php\/wp-json\/wp\/v2\/users\/1"}],"replies":[{"embeddable":true,"href":"http:\/\/nils.jensen.berlin\/index.php\/wp-json\/wp\/v2\/comments?post=9"}],"version-history":[{"count":65,"href":"http:\/\/nils.jensen.berlin\/index.php\/wp-json\/wp\/v2\/pages\/9\/revisions"}],"predecessor-version":[{"id":605,"href":"http:\/\/nils.jensen.berlin\/index.php\/wp-json\/wp\/v2\/pages\/9\/revisions\/605"}],"wp:attachment":[{"href":"http:\/\/nils.jensen.berlin\/index.php\/wp-json\/wp\/v2\/media?parent=9"}],"curies":[{"name":"wp","href":"https:\/\/api.w.org\/{rel}","templated":true}]}}

KÜNSTLERISCHE ARBEIT

<h1 class="entry-title"> </h1>
<p><!-- .entry-header --></p>
<div class="entry-content">
<p><em>Jedes Ensemble ist einzigartig&#8230;</em></p>
<p style="text-align: justify;">Unabhängig vom individuellen Kenntnisstand bleibt das Ziel, der vollständig homogene, schwebungsfreie und in sich ausbalancierte Klang. Dieser sollte nicht kühl und statisch sondern ausdrucksstark und ehrlich sein. Dabei gilt es, die Perfektion als ein Mittel einzusetzen, um Text und Gesang im Moment der Aufführung zu einer künstlerischen Aussage zu verschmelzen. Ich arbeite mit folgenden Ensembles an meinem Ideal:</p>
<p><a href="https://www.bruederselke.com/hausorchester" target="_blank" rel="noopener">Hausorchester/Brueder Selke</a></p>
<p style="text-align: justify;"><a href="http://bessiner-kammerchor.de/chorkoepfe">Bessiner Kammerchor</a></p>
<p><a href="https://cantus.academy">Cantus Academy</a></p>
<p><a href="https://canzonetta-berlin.de/choere/">Chorschule Canzonetta / Kammerchor Canzoneo</a></p>
<p><a href="http://www.singakademie-potsdam.de" target="_blank" rel="noopener">Potsdamer Singakademie</a></p>
<p><a href="http://www.a-cappella-chor-neuruppin.de/index.php">Neuruppiner a Cappella Chor</a></p>
</div>
<div class="entry-content">

<div class="sp-wrap sp-wrap-default">
<div class="sp-head" title="Erweitern">
Professionelle Arbeit
</div>
<div class="sp-body folded">
<p>An der Zusammenarbeit mit professionellen Orchestern fasziniert mich am meisten, dass meine Vorstellungen direkt umgesetzt werden. Die gezielte Arbeit am Klang und der persönlichen musikalischen Idee stehen für mich im Vordergrund. Dabei gehen gründliche Vorbereitungen und das Entwickeln dieser Vorstellungen mit dem begeisternden Gefühl einher, dass es keine Grenzen in der musikalischen Gestaltung gibt. Der maximale Anspruch an mich und meine Kollegen verbindet sich zu einer inspirierenden Arbeitsatmosphäre, die allein von dem gemeinsamen Ziel getragen wird, das Beste zu erreichen.</p>
<p>
</div>
</div>


<div class="sp-wrap sp-wrap-default">
<div class="sp-head" title="Erweitern">
Arbeit mit Laienchören / semiprofessionellen Chören
</div>
<div class="sp-body folded">
<p>Meine Arbeit mit (semiprofessionellen-) Laienchören hat das Ziel, musikalische Grenzen stetig nach oben zu verschieben. Durch gutmütige Hartnäckigkeit gelingt es mir die Choristen zu motivieren, über sich selbst hinaus zu wachsen. Die schnell hörbaren Fortschritte und die wunderbare Gemeinschaft dieser Chöre motivieren mich stets, weitere Methoden zu entwickeln, um die gesteckten Ziele zu erreichen. Die vielen Facetten dieser Arbeit reizen mich – irgendwo zwischen Musiker, Psychologe und Dompteur finde ich die ideale Balance im Umgang mit diesem immateriellen Weltkulturerbe.</p>
<p>
</div>
</div>


<div class="sp-wrap sp-wrap-default">
<div class="sp-head" title="Erweitern">
Arbeit für Kinderchöre
</div>
<div class="sp-body folded">
<p>Die Arbeit mit Kindern ist mir ein besonderes Anliegen. Ich weiß aus eigener Erfahrung, wie prägend das Singen für die Kleinen in einem Ensemble sein kann. Dieses Wissen möchte ich weitergeben und dafür Sorge tragen, dass die Musik im Leben dieser jungen Musiker stets eine wichtige Rolle spielen wird. Die Aufgewecktheit, Klugheit und Phantasie, die mir dabei begegnet, inspiriert und begeistert mich. Ich weiß um die besondere Verantwortung, die ich für Kinder zu tragen habe, unabhängig von ihrem musikalischen Kenntnisstand. Als künstlerischer Leiter mehrerer musikalisch bildender Institutionen ist es mir ein wesentliches Anliegen, den Rahmen für eine wertvolle frühkindliche musikalische Ausbildung zu schaffen.</p>
<p>
</div>
</div>

</div>


<hr class="wp-block-separator has-css-opacity"/>



<figure class="wp-block-image size-large"><a href="http://nils.jensen.berlin/wp-content/uploads/2018/01/D1A3039bea_sw-1.jpg"><img loading="lazy" decoding="async" width="1024" height="683" src="http://nils.jensen.berlin/wp-content/uploads/2018/01/D1A3039bea_sw-1-1024x683.jpg" alt="" class="wp-image-174" srcset="http://nils.jensen.berlin/wp-content/uploads/2018/01/D1A3039bea_sw-1-1024x683.jpg 1024w, http://nils.jensen.berlin/wp-content/uploads/2018/01/D1A3039bea_sw-1-300x200.jpg 300w, http://nils.jensen.berlin/wp-content/uploads/2018/01/D1A3039bea_sw-1-768x512.jpg 768w" sizes="auto, (max-width: 1024px) 100vw, 1024px" /></a></figure>

<p>  Jedes Ensemble ist einzigartig&#8230; Unabhängig vom individuellen Kenntnisstand bleibt das Ziel, der vollständig homogene, schwebungsfreie und in sich ausbalancierte Klang. Dieser sollte nicht kühl und statisch sondern ausdrucksstark und ehrlich sein. Dabei gilt es, die Perfektion als ein Mittel einzusetzen, um Text und Gesang im Moment der Aufführung zu einer künstlerischen Aussage zu verschmelzen. &#8230; <span class="more"><a class="more-link" href="http://nils.jensen.berlin/index.php/chorarbeit/">[Read more&#8230;]</a></span></p>
